{"id":21,"date":"2021-04-16T18:22:35","date_gmt":"2021-04-16T21:22:35","guid":{"rendered":"http:\/\/proacustic.com.br\/?page_id=21"},"modified":"2023-05-23T23:36:54","modified_gmt":"2023-05-24T02:36:54","slug":"quem-somos","status":"publish","type":"page","link":"https:\/\/proacustic.com.br\/?page_id=21","title":{"rendered":"Quem somos"},"content":{"rendered":"\n<div class=\"wp-block-columns is-layout-flex wp-container-core-columns-is-layout-9d6595d7 wp-block-columns-is-layout-flex\">\n<div class=\"wp-block-column is-vertically-aligned-top is-layout-flow wp-block-column-is-layout-flow\">\n<div class=\"wp-block-columns is-layout-flex wp-container-core-columns-is-layout-9d6595d7 wp-block-columns-is-layout-flex\">\n<div class=\"wp-block-column is-layout-flow wp-block-column-is-layout-flow\">\n<figure class=\"wp-block-image size-large\"><img loading=\"lazy\" decoding=\"async\" width=\"590\" height=\"460\" src=\"http:\/\/proacustic.com.br\/wp-content\/uploads\/2021\/04\/Certificado-MD-1.jpg\" alt=\"\" class=\"wp-image-156\" srcset=\"https:\/\/proacustic.com.br\/wp-content\/uploads\/2021\/04\/Certificado-MD-1.jpg 590w, https:\/\/proacustic.com.br\/wp-content\/uploads\/2021\/04\/Certificado-MD-1-300x234.jpg 300w, https:\/\/proacustic.com.br\/wp-content\/uploads\/2021\/04\/Certificado-MD-1-385x300.jpg 385w\" sizes=\"auto, (max-width: 590px) 100vw, 590px\" \/><figcaption class=\"wp-element-caption\">P\u00f3s Gradua\u00e7\u00e3o em Ac\u00fastica<\/figcaption><\/figure>\n<\/div>\n\n\n\n<div class=\"wp-block-column is-layout-flow wp-block-column-is-layout-flow\">\n<figure class=\"wp-block-image size-large\"><img loading=\"lazy\" decoding=\"async\" width=\"591\" height=\"460\" src=\"http:\/\/proacustic.com.br\/wp-content\/uploads\/2021\/04\/PROJ-TERNO.png\" alt=\"\" class=\"wp-image-161\" srcset=\"https:\/\/proacustic.com.br\/wp-content\/uploads\/2021\/04\/PROJ-TERNO.png 591w, https:\/\/proacustic.com.br\/wp-content\/uploads\/2021\/04\/PROJ-TERNO-300x234.png 300w, https:\/\/proacustic.com.br\/wp-content\/uploads\/2021\/04\/PROJ-TERNO-385x300.png 385w\" sizes=\"auto, (max-width: 591px) 100vw, 591px\" \/><\/figure>\n<\/div>\n\n\n\n<div class=\"wp-block-column is-layout-flow wp-block-column-is-layout-flow\">\n<figure class=\"wp-block-image size-large\"><img loading=\"lazy\" decoding=\"async\" width=\"590\" height=\"460\" src=\"http:\/\/proacustic.com.br\/wp-content\/uploads\/2021\/04\/TURMA-DA-POS.png\" alt=\"\" class=\"wp-image-167\" srcset=\"https:\/\/proacustic.com.br\/wp-content\/uploads\/2021\/04\/TURMA-DA-POS.png 590w, https:\/\/proacustic.com.br\/wp-content\/uploads\/2021\/04\/TURMA-DA-POS-300x234.png 300w, https:\/\/proacustic.com.br\/wp-content\/uploads\/2021\/04\/TURMA-DA-POS-385x300.png 385w\" sizes=\"auto, (max-width: 590px) 100vw, 590px\" \/><figcaption class=\"wp-element-caption\">Turma da P\u00f3s com prof. Bento \u00e0 frente<\/figcaption><\/figure>\n\n\n\n<p><\/p>\n<\/div>\n<\/div>\n<\/div>\n<\/div>\n\n\n\n<p><strong><mark style=\"background-color:rgba(0, 0, 0, 0)\" class=\"has-inline-color has-accent-2-color\">Mauricio Grassmann<\/mark><\/strong> \u00e9 projetista de ac\u00fastica p\u00f3s graduado em Engenharia Ac\u00fastica em Edif\u00edcios e Ambiental pela <mark style=\"background-color:rgba(0, 0, 0, 0)\" class=\"has-inline-color has-accent-2-color\"><strong>FDTE\/Poli-Integra &#8211; USP<\/strong>,<\/mark> <br>consultor e associado da <strong><mark style=\"background-color:rgba(0, 0, 0, 0)\" class=\"has-inline-color has-accent-2-color\">Sobrac<\/mark><\/strong> (Sociedade Brasileira de ac\u00fastica) e associado da <strong><mark style=\"background-color:rgba(0, 0, 0, 0)\" class=\"has-inline-color has-accent-2-color\">Pro Ac\u00fastica<\/mark><\/strong> (Ass. Brasileira para a Qualidade Ac\u00fastica).<br><br>Tamb\u00e9m \u00e9 <mark style=\"background-color:rgba(0, 0, 0, 0)\" class=\"has-inline-color has-accent-2-color\"><strong>arranjador, m\u00fasico, compositor, t\u00e9cnico de som e produtor musical<\/strong>.<\/mark> Cursou a Escola Municipal de M\u00fasica de S\u00e3o Paulo, <br>estudou viol\u00e3o popular, erudito e violoncelo. Estudou guitarra no IGT (Instituto de Guitarra e Tecnologia) com Mozart Mello e mais tarde <br>com Heraldo do Monte. Tem uma dezena de \u00e1lbuns autorais lan\u00e7ados em estilos variados (fusion, jazz progressivo, newage). <br><br>Fundou o est\u00fadio Frequ\u00eancia Rara em 1988, e desde l\u00e1 gravou nomes como Dominguinhos, Egberto Gismonti, Nan\u00e1 Vasconcelos, <br>Badi Assad, Gilberto Gil, Osmar Prado, maestro Jamil Maluf, Marcelo Tas, entre outros. <br>Produziu mais de 300 CDs, 30 trilhas de teatro, jingles e spots para TV, trilhas para v\u00eddeos e document\u00e1rios no <br>pr\u00f3prio est\u00fadio e tamb\u00e9m na TV Senac.<br><br>Realizou seu primeiro tratamento ac\u00fastico em 1985, e desde l\u00e1 vem se aprimorando em espa\u00e7os ideais para a produ\u00e7\u00e3o musical.<br>Em 2000 fundou a <strong><mark style=\"background-color:rgba(0, 0, 0, 0)\" class=\"has-inline-color has-accent-2-color\">Proacustic<\/mark><\/strong>\u00a0\u2013 solu\u00e7\u00f5es em ac\u00fastica &#8211; desenvolvendo projetos (isolamento e tratamento ac\u00fastico) para empresas, est\u00fadios e resid\u00eancias. <br>Tem mais de 500 projetos realizados diretamente, ou como assessoria ac\u00fastica para todo o Brasil.<br>Criou e fabrica os Difusores Ac\u00fasticos\u00a0<strong><mark style=\"background-color:rgba(0, 0, 0, 0)\" class=\"has-inline-color has-accent-2-color\">Omni-64<\/mark><\/strong>, o Mini-Omni, pain\u00e9is absorventes e outras ferramentas ac\u00fasticas. \u00a0<\/p>\n\n\n\n<p>A <strong><mark style=\"background-color:rgba(0, 0, 0, 0)\" class=\"has-inline-color has-accent-2-color\">Proacustic<\/mark><\/strong> trabalha com uma equipe de profissionais afinados com a qualidade e ideais da empresa, nas \u00e1reas de marcenaria, serralheria, <br>instala\u00e7\u00f5es diversas, oferecendo as melhores portas ac\u00fasticas, janelas (aqu\u00e1rio), cabines, pisos elevados e salas completas em DryWall.<br><br><\/p>\n\n\n\n<p class=\"has-text-align-right\" style=\"font-size:18px\"><a href=\"mailto:projetos@proacustic.com.br\" target=\"_blank\" rel=\"noreferrer noopener\">mauricio@proacustic.com.br<\/a><\/p>\n\n\n\n<div style=\"height:25px\" aria-hidden=\"true\" class=\"wp-block-spacer\"><\/div>\n\n\n\n<div class=\"wp-block-columns is-layout-flex wp-container-core-columns-is-layout-9d6595d7 wp-block-columns-is-layout-flex\">\n<div class=\"wp-block-column is-layout-flow wp-block-column-is-layout-flow\" style=\"flex-basis:15%\">\n<figure class=\"wp-block-image size-large is-style-default\"><img loading=\"lazy\" decoding=\"async\" width=\"222\" height=\"75\" src=\"http:\/\/proacustic.com.br\/wp-content\/uploads\/2021\/04\/Captura-de-Tela-2021-04-18-a\u0300s-01.23.46-2.png\" alt=\"\" class=\"wp-image-180\"\/><\/figure>\n<\/div>\n\n\n\n<div class=\"wp-block-column is-layout-flow wp-block-column-is-layout-flow\" style=\"flex-basis:15%\">\n<figure class=\"wp-block-image size-large\"><img loading=\"lazy\" decoding=\"async\" width=\"249\" height=\"95\" src=\"http:\/\/proacustic.com.br\/wp-content\/uploads\/2021\/04\/Captura-de-Tela-2021-04-18-a\u0300s-01.24.49-1.png\" alt=\"\" class=\"wp-image-181\"\/><\/figure>\n<\/div>\n\n\n\n<div class=\"wp-block-column is-layout-flow wp-block-column-is-layout-flow\" style=\"flex-basis:90%\"><\/div>\n<\/div>\n\n\n<div class=\"wp-block-image\">\n<figure class=\"aligncenter size-large is-resized\"><img loading=\"lazy\" decoding=\"async\" src=\"http:\/\/proacustic.com.br\/wp-content\/uploads\/2021\/04\/Icone-02-2.jpg\" alt=\"\" class=\"wp-image-136\" width=\"85\" height=\"63\"\/><\/figure>\n<\/div>\n\n\n<p><\/p>\n","protected":false},"excerpt":{"rendered":"<p>Mauricio Grassmann \u00e9 projetista de ac\u00fastica p\u00f3s graduado em Engenharia Ac\u00fastica em Edif\u00edcios e Ambiental pela FDTE\/Poli-Integra &#8211; USP, consultor e associado da Sobrac (Sociedade &hellip;<\/p>\n","protected":false},"author":1,"featured_media":0,"parent":0,"menu_order":0,"comment_status":"closed","ping_status":"closed","template":"","meta":{"om_disable_all_campaigns":false,"_monsterinsights_skip_tracking":false,"_monsterinsights_sitenote_active":false,"_monsterinsights_sitenote_note":"","_monsterinsights_sitenote_category":0,"footnotes":""},"class_list":["post-21","page","type-page","status-publish","hentry"],"aioseo_notices":[],"_links":{"self":[{"href":"https:\/\/proacustic.com.br\/index.php?rest_route=\/wp\/v2\/pages\/21","targetHints":{"allow":["GET"]}}],"collection":[{"href":"https:\/\/proacustic.com.br\/index.php?rest_route=\/wp\/v2\/pages"}],"about":[{"href":"https:\/\/proacustic.com.br\/index.php?rest_route=\/wp\/v2\/types\/page"}],"author":[{"embeddable":true,"href":"https:\/\/proacustic.com.br\/index.php?rest_route=\/wp\/v2\/users\/1"}],"replies":[{"embeddable":true,"href":"https:\/\/proacustic.com.br\/index.php?rest_route=%2Fwp%2Fv2%2Fcomments&post=21"}],"version-history":[{"count":18,"href":"https:\/\/proacustic.com.br\/index.php?rest_route=\/wp\/v2\/pages\/21\/revisions"}],"predecessor-version":[{"id":656,"href":"https:\/\/proacustic.com.br\/index.php?rest_route=\/wp\/v2\/pages\/21\/revisions\/656"}],"wp:attachment":[{"href":"https:\/\/proacustic.com.br\/index.php?rest_route=%2Fwp%2Fv2%2Fmedia&parent=21"}],"curies":[{"name":"wp","href":"https:\/\/api.w.org\/{rel}","templated":true}]}}

<div class="wp-block-columns is-layout-flex wp-container-core-columns-is-layout-9d6595d7 wp-block-columns-is-layout-flex">
<div class="wp-block-column is-vertically-aligned-top is-layout-flow wp-block-column-is-layout-flow">
<div class="wp-block-columns is-layout-flex wp-container-core-columns-is-layout-9d6595d7 wp-block-columns-is-layout-flex">
<div class="wp-block-column is-layout-flow wp-block-column-is-layout-flow">
<figure class="wp-block-image size-large"><img loading="lazy" decoding="async" width="590" height="460" src="http://proacustic.com.br/wp-content/uploads/2021/04/Certificado-MD-1.jpg" alt="" class="wp-image-156" srcset="https://proacustic.com.br/wp-content/uploads/2021/04/Certificado-MD-1.jpg 590w, https://proacustic.com.br/wp-content/uploads/2021/04/Certificado-MD-1-300x234.jpg 300w, https://proacustic.com.br/wp-content/uploads/2021/04/Certificado-MD-1-385x300.jpg 385w" sizes="auto, (max-width: 590px) 100vw, 590px" /><figcaption class="wp-element-caption">Pós Graduação em Acústica</figcaption></figure>
</div>



<div class="wp-block-column is-layout-flow wp-block-column-is-layout-flow">
<figure class="wp-block-image size-large"><img loading="lazy" decoding="async" width="591" height="460" src="http://proacustic.com.br/wp-content/uploads/2021/04/PROJ-TERNO.png" alt="" class="wp-image-161" srcset="https://proacustic.com.br/wp-content/uploads/2021/04/PROJ-TERNO.png 591w, https://proacustic.com.br/wp-content/uploads/2021/04/PROJ-TERNO-300x234.png 300w, https://proacustic.com.br/wp-content/uploads/2021/04/PROJ-TERNO-385x300.png 385w" sizes="auto, (max-width: 591px) 100vw, 591px" /></figure>
</div>



<div class="wp-block-column is-layout-flow wp-block-column-is-layout-flow">
<figure class="wp-block-image size-large"><img loading="lazy" decoding="async" width="590" height="460" src="http://proacustic.com.br/wp-content/uploads/2021/04/TURMA-DA-POS.png" alt="" class="wp-image-167" srcset="https://proacustic.com.br/wp-content/uploads/2021/04/TURMA-DA-POS.png 590w, https://proacustic.com.br/wp-content/uploads/2021/04/TURMA-DA-POS-300x234.png 300w, https://proacustic.com.br/wp-content/uploads/2021/04/TURMA-DA-POS-385x300.png 385w" sizes="auto, (max-width: 590px) 100vw, 590px" /><figcaption class="wp-element-caption">Turma da Pós com prof. Bento à frente</figcaption></figure>



<p></p>
</div>
</div>
</div>
</div>



<p><strong><mark style="background-color:rgba(0, 0, 0, 0)" class="has-inline-color has-accent-2-color">Mauricio Grassmann</mark></strong> é projetista de acústica pós graduado em Engenharia Acústica em Edifícios e Ambiental pela <mark style="background-color:rgba(0, 0, 0, 0)" class="has-inline-color has-accent-2-color"><strong>FDTE/Poli-Integra &#8211; USP</strong>,</mark> <br>consultor e associado da <strong><mark style="background-color:rgba(0, 0, 0, 0)" class="has-inline-color has-accent-2-color">Sobrac</mark></strong> (Sociedade Brasileira de acústica) e associado da <strong><mark style="background-color:rgba(0, 0, 0, 0)" class="has-inline-color has-accent-2-color">Pro Acústica</mark></strong> (Ass. Brasileira para a Qualidade Acústica).<br><br>Também é <mark style="background-color:rgba(0, 0, 0, 0)" class="has-inline-color has-accent-2-color"><strong>arranjador, músico, compositor, técnico de som e produtor musical</strong>.</mark> Cursou a Escola Municipal de Música de São Paulo, <br>estudou violão popular, erudito e violoncelo. Estudou guitarra no IGT (Instituto de Guitarra e Tecnologia) com Mozart Mello e mais tarde <br>com Heraldo do Monte. Tem uma dezena de álbuns autorais lançados em estilos variados (fusion, jazz progressivo, newage). <br><br>Fundou o estúdio Frequência Rara em 1988, e desde lá gravou nomes como Dominguinhos, Egberto Gismonti, Naná Vasconcelos, <br>Badi Assad, Gilberto Gil, Osmar Prado, maestro Jamil Maluf, Marcelo Tas, entre outros. <br>Produziu mais de 300 CDs, 30 trilhas de teatro, jingles e spots para TV, trilhas para vídeos e documentários no <br>próprio estúdio e também na TV Senac.<br><br>Realizou seu primeiro tratamento acústico em 1985, e desde lá vem se aprimorando em espaços ideais para a produção musical.<br>Em 2000 fundou a <strong><mark style="background-color:rgba(0, 0, 0, 0)" class="has-inline-color has-accent-2-color">Proacustic</mark></strong> – soluções em acústica &#8211; desenvolvendo projetos (isolamento e tratamento acústico) para empresas, estúdios e residências. <br>Tem mais de 500 projetos realizados diretamente, ou como assessoria acústica para todo o Brasil.<br>Criou e fabrica os Difusores Acústicos <strong><mark style="background-color:rgba(0, 0, 0, 0)" class="has-inline-color has-accent-2-color">Omni-64</mark></strong>, o Mini-Omni, painéis absorventes e outras ferramentas acústicas.  </p>



<p>A <strong><mark style="background-color:rgba(0, 0, 0, 0)" class="has-inline-color has-accent-2-color">Proacustic</mark></strong> trabalha com uma equipe de profissionais afinados com a qualidade e ideais da empresa, nas áreas de marcenaria, serralheria, <br>instalações diversas, oferecendo as melhores portas acústicas, janelas (aquário), cabines, pisos elevados e salas completas em DryWall.<br><br></p>



<p class="has-text-align-right" style="font-size:18px"><a href="mailto:projetos@proacustic.com.br" target="_blank" rel="noreferrer noopener">mauricio@proacustic.com.br</a></p>



<div style="height:25px" aria-hidden="true" class="wp-block-spacer"></div>



<div class="wp-block-columns is-layout-flex wp-container-core-columns-is-layout-9d6595d7 wp-block-columns-is-layout-flex">
<div class="wp-block-column is-layout-flow wp-block-column-is-layout-flow" style="flex-basis:15%">
<figure class="wp-block-image size-large is-style-default"><img loading="lazy" decoding="async" width="222" height="75" src="http://proacustic.com.br/wp-content/uploads/2021/04/Captura-de-Tela-2021-04-18-às-01.23.46-2.png" alt="" class="wp-image-180"/></figure>
</div>



<div class="wp-block-column is-layout-flow wp-block-column-is-layout-flow" style="flex-basis:15%">
<figure class="wp-block-image size-large"><img loading="lazy" decoding="async" width="249" height="95" src="http://proacustic.com.br/wp-content/uploads/2021/04/Captura-de-Tela-2021-04-18-às-01.24.49-1.png" alt="" class="wp-image-181"/></figure>
</div>



<div class="wp-block-column is-layout-flow wp-block-column-is-layout-flow" style="flex-basis:90%"></div>
</div>


<div class="wp-block-image">
<figure class="aligncenter size-large is-resized"><img loading="lazy" decoding="async" src="http://proacustic.com.br/wp-content/uploads/2021/04/Icone-02-2.jpg" alt="" class="wp-image-136" width="85" height="63"/></figure>
</div>


<p></p>

<p>Mauricio Grassmann é projetista de acústica pós graduado em Engenharia Acústica em Edifícios e Ambiental pela FDTE/Poli-Integra &#8211; USP, consultor e associado da Sobrac (Sociedade &hellip;</p>
