{"id":261,"date":"2021-04-18T17:02:09","date_gmt":"2021-04-18T20:02:09","guid":{"rendered":"http:\/\/proacustic.com.br\/?page_id=261"},"modified":"2023-05-23T23:44:42","modified_gmt":"2023-05-24T02:44:42","slug":"portas-acusticas","status":"publish","type":"page","link":"https:\/\/proacustic.com.br\/?page_id=261","title":{"rendered":"Portas Ac\u00fasticas"},"content":{"rendered":"\n<p style=\"font-size:22px\">As melhores portas ac\u00fasticas do Brasil, a mais de 25 anos nos melhores est\u00fadios!<\/p>\n\n\n\n<div style=\"height:37px\" aria-hidden=\"true\" class=\"wp-block-spacer\"><\/div>\n\n\n\n<div class=\"wp-block-columns is-layout-flex wp-container-core-columns-is-layout-9d6595d7 wp-block-columns-is-layout-flex\">\n<div class=\"wp-block-column is-layout-flow wp-block-column-is-layout-flow\"><div class=\"wp-block-image\">\n<figure class=\"aligncenter size-large is-resized\"><img loading=\"lazy\" decoding=\"async\" src=\"http:\/\/proacustic.com.br\/wp-content\/uploads\/2021\/04\/Mvc-003f_2.jpg\" alt=\"\" class=\"wp-image-468\" width=\"274\" height=\"367\"\/><\/figure>\n<\/div><\/div>\n\n\n\n<div class=\"wp-block-column is-layout-flow wp-block-column-is-layout-flow\"><div class=\"wp-block-image\">\n<figure class=\"aligncenter size-large is-resized\"><img loading=\"lazy\" decoding=\"async\" src=\"http:\/\/proacustic.com.br\/wp-content\/uploads\/2021\/04\/IMG_0229-1024x768.jpg\" alt=\"\" class=\"wp-image-469\" width=\"352\" height=\"263\" srcset=\"https:\/\/proacustic.com.br\/wp-content\/uploads\/2021\/04\/IMG_0229-1024x768.jpg 1024w, https:\/\/proacustic.com.br\/wp-content\/uploads\/2021\/04\/IMG_0229-300x225.jpg 300w, https:\/\/proacustic.com.br\/wp-content\/uploads\/2021\/04\/IMG_0229-768x576.jpg 768w, https:\/\/proacustic.com.br\/wp-content\/uploads\/2021\/04\/IMG_0229-1536x1152.jpg 1536w, https:\/\/proacustic.com.br\/wp-content\/uploads\/2021\/04\/IMG_0229-2048x1536.jpg 2048w, https:\/\/proacustic.com.br\/wp-content\/uploads\/2021\/04\/IMG_0229-400x300.jpg 400w\" sizes=\"auto, (max-width: 352px) 100vw, 352px\" \/><figcaption class=\"wp-element-caption\">Acima, porta verde de 100mm de espessura.<br>\u00e0 esquerda, porta com 1,00m de largura <br>revestida com tecido. <\/figcaption><\/figure>\n<\/div><\/div>\n\n\n\n<div class=\"wp-block-column is-layout-flow wp-block-column-is-layout-flow\">\n<figure class=\"wp-block-image size-medium is-resized\"><img loading=\"lazy\" decoding=\"async\" src=\"http:\/\/proacustic.com.br\/wp-content\/uploads\/2021\/04\/S5001412-1-300x225.jpg\" alt=\"\" class=\"wp-image-512\" width=\"496\" height=\"455\"\/><figcaption class=\"wp-element-caption\">Porta (ainda sem puxador) em sala de ensaio<br>dentro de um condominio residencial.<\/figcaption><\/figure>\n\n\n\n<p><\/p>\n<\/div>\n<\/div>\n\n\n\n<p style=\"font-size:20px\">As portas ac\u00fasticas Proacustic s\u00e3o fabricadas em <strong>a\u00e7o carbono<\/strong>, sempre em conjunto com seus batentes exclusivos e feitas sob medida para a sua necessidade. <\/p>\n\n\n\n<div style=\"height:32px\" aria-hidden=\"true\" class=\"wp-block-spacer\"><\/div>\n\n\n\n<p style=\"font-size:20px\">Conforme a espessura, d\u00e3o um resultado de isolamento;<\/p>\n\n\n\n<ul class=\"wp-block-list\">\n<li>50mm : isolamento de 48 dB(A)<\/li>\n\n\n\n<li>70mm : isolamento de 55 dB(A)<\/li>\n\n\n\n<li>100mm : isolamento de 60 dB(A)<\/li>\n<\/ul>\n\n\n\n<div style=\"height:19px\" aria-hidden=\"true\" class=\"wp-block-spacer\"><\/div>\n\n\n\n<div class=\"wp-block-columns is-layout-flex wp-container-core-columns-is-layout-9d6595d7 wp-block-columns-is-layout-flex\">\n<div class=\"wp-block-column is-layout-flow wp-block-column-is-layout-flow\"><div class=\"wp-block-image\">\n<figure class=\"alignright size-medium is-resized\"><img loading=\"lazy\" decoding=\"async\" src=\"http:\/\/proacustic.com.br\/wp-content\/uploads\/2021\/04\/IvanCopelli-salas-prontas-jan2009-3-1-271x300.jpg\" alt=\"\" class=\"wp-image-489\" width=\"267\" height=\"505\"\/><figcaption class=\"wp-element-caption\">PORTA DE 50 mm<\/figcaption><\/figure>\n<\/div><\/div>\n\n\n\n<div class=\"wp-block-column is-layout-flow wp-block-column-is-layout-flow\"><div class=\"wp-block-image\">\n<figure class=\"aligncenter size-medium is-resized\"><img loading=\"lazy\" decoding=\"async\" src=\"http:\/\/proacustic.com.br\/wp-content\/uploads\/2021\/04\/porta-acustica-vermelha-em-sala-de-ensaio-de-drywall-225x300.jpg\" alt=\"\" class=\"wp-image-480\" width=\"229\" height=\"507\"\/><figcaption class=\"wp-element-caption\">PORTA DE 70 mm<\/figcaption><\/figure>\n<\/div><\/div>\n\n\n\n<div class=\"wp-block-column is-layout-flow wp-block-column-is-layout-flow\"><div class=\"wp-block-image\">\n<figure class=\"alignleft size-medium is-resized\"><img decoding=\"async\" src=\"http:\/\/proacustic.com.br\/wp-content\/uploads\/2021\/04\/Porta-acustica-100mm-verde-195x300.png\" alt=\"\" class=\"wp-image-481\" height=\"500\" srcset=\"https:\/\/proacustic.com.br\/wp-content\/uploads\/2021\/04\/Porta-acustica-100mm-verde-195x300.png 195w, https:\/\/proacustic.com.br\/wp-content\/uploads\/2021\/04\/Porta-acustica-100mm-verde.png 355w\" sizes=\"(max-width: 195px) 100vw, 195px\" \/><figcaption class=\"wp-element-caption\">PORTA DE 100 mm<\/figcaption><\/figure>\n<\/div><\/div>\n<\/div>\n\n\n\n<div style=\"height:28px\" aria-hidden=\"true\" class=\"wp-block-spacer\"><\/div>\n\n\n\n<div class=\"wp-block-columns is-layout-flex wp-container-core-columns-is-layout-9d6595d7 wp-block-columns-is-layout-flex\">\n<div class=\"wp-block-column is-layout-flow wp-block-column-is-layout-flow\"><div class=\"wp-block-image\">\n<figure class=\"alignright size-medium is-resized\"><img decoding=\"async\" src=\"http:\/\/proacustic.com.br\/wp-content\/uploads\/2021\/04\/PUXADOR-PORTA-LARAMARA-300x225.jpg\" alt=\"\" class=\"wp-image-494\" height=\"500\" srcset=\"https:\/\/proacustic.com.br\/wp-content\/uploads\/2021\/04\/PUXADOR-PORTA-LARAMARA-300x225.jpg 300w, https:\/\/proacustic.com.br\/wp-content\/uploads\/2021\/04\/PUXADOR-PORTA-LARAMARA-400x300.jpg 400w, https:\/\/proacustic.com.br\/wp-content\/uploads\/2021\/04\/PUXADOR-PORTA-LARAMARA.jpg 640w\" sizes=\"(max-width: 300px) 100vw, 300px\" \/><figcaption class=\"wp-element-caption\">Alguns tipos de puxadores<\/figcaption><\/figure>\n<\/div><\/div>\n\n\n\n<div class=\"wp-block-column is-layout-flow wp-block-column-is-layout-flow\"><div class=\"wp-block-image\">\n<figure class=\"aligncenter size-medium is-resized\"><img decoding=\"async\" src=\"http:\/\/proacustic.com.br\/wp-content\/uploads\/2021\/04\/S6300067-225x300.jpg\" alt=\"\" class=\"wp-image-495\" height=\"500\" srcset=\"https:\/\/proacustic.com.br\/wp-content\/uploads\/2021\/04\/S6300067-225x300.jpg 225w, https:\/\/proacustic.com.br\/wp-content\/uploads\/2021\/04\/S6300067-768x1024.jpg 768w, https:\/\/proacustic.com.br\/wp-content\/uploads\/2021\/04\/S6300067-1152x1536.jpg 1152w, https:\/\/proacustic.com.br\/wp-content\/uploads\/2021\/04\/S6300067.jpg 1536w\" sizes=\"(max-width: 225px) 100vw, 225px\" \/><\/figure>\n<\/div><\/div>\n\n\n\n<div class=\"wp-block-column is-layout-flow wp-block-column-is-layout-flow\"><div class=\"wp-block-image\">\n<figure class=\"alignleft size-medium is-resized\"><img loading=\"lazy\" decoding=\"async\" src=\"http:\/\/proacustic.com.br\/wp-content\/uploads\/2021\/04\/S6304507-225x300.jpg\" alt=\"\" class=\"wp-image-496\" width=\"221\" height=\"492\"\/><\/figure>\n<\/div><\/div>\n<\/div>\n\n\n\n<div style=\"height:39px\" aria-hidden=\"true\" class=\"wp-block-spacer\"><\/div>\n\n\n\n<div class=\"wp-block-columns is-layout-flex wp-container-core-columns-is-layout-9d6595d7 wp-block-columns-is-layout-flex\">\n<div class=\"wp-block-column is-layout-flow wp-block-column-is-layout-flow\"><div class=\"wp-block-image\">\n<figure class=\"alignright size-medium is-resized\"><img decoding=\"async\" src=\"http:\/\/proacustic.com.br\/wp-content\/uploads\/2021\/04\/S6304486-300x235.jpg\" alt=\"\" class=\"wp-image-501\" height=\"500\" srcset=\"https:\/\/proacustic.com.br\/wp-content\/uploads\/2021\/04\/S6304486-300x235.jpg 300w, https:\/\/proacustic.com.br\/wp-content\/uploads\/2021\/04\/S6304486-1024x803.jpg 1024w, https:\/\/proacustic.com.br\/wp-content\/uploads\/2021\/04\/S6304486-768x602.jpg 768w, https:\/\/proacustic.com.br\/wp-content\/uploads\/2021\/04\/S6304486-1536x1204.jpg 1536w, https:\/\/proacustic.com.br\/wp-content\/uploads\/2021\/04\/S6304486-383x300.jpg 383w, https:\/\/proacustic.com.br\/wp-content\/uploads\/2021\/04\/S6304486.jpg 1769w\" sizes=\"(max-width: 300px) 100vw, 300px\" \/><figcaption class=\"wp-element-caption\">Ajustes na instala\u00e7\u00e3o<\/figcaption><\/figure>\n<\/div><\/div>\n\n\n\n<div class=\"wp-block-column is-layout-flow wp-block-column-is-layout-flow\"><div class=\"wp-block-image\">\n<figure class=\"alignleft size-medium is-resized\"><img loading=\"lazy\" decoding=\"async\" src=\"http:\/\/proacustic.com.br\/wp-content\/uploads\/2021\/04\/S5001020-300x229.jpg\" alt=\"\" class=\"wp-image-502\" width=\"304\" height=\"505\"\/><figcaption class=\"wp-element-caption\">Batente em a\u00e7o por toda a periferia<\/figcaption><\/figure>\n<\/div><\/div>\n<\/div>\n\n\n\n<div style=\"height:40px\" aria-hidden=\"true\" class=\"wp-block-spacer\"><\/div>\n\n\n<div class=\"wp-block-image\">\n<figure class=\"aligncenter size-large is-resized\"><img loading=\"lazy\" decoding=\"async\" src=\"http:\/\/proacustic.com.br\/wp-content\/uploads\/2021\/04\/Icone-02-3.jpg\" alt=\"\" class=\"wp-image-225\" width=\"105\" height=\"77\"\/><\/figure>\n<\/div>","protected":false},"excerpt":{"rendered":"<p>As melhores portas ac\u00fasticas do Brasil, a mais de 25 anos nos melhores est\u00fadios! As portas ac\u00fasticas Proacustic s\u00e3o fabricadas em a\u00e7o carbono, sempre em &hellip;<\/p>\n","protected":false},"author":1,"featured_media":0,"parent":0,"menu_order":0,"comment_status":"closed","ping_status":"closed","template":"","meta":{"om_disable_all_campaigns":false,"_monsterinsights_skip_tracking":false,"_monsterinsights_sitenote_active":false,"_monsterinsights_sitenote_note":"","_monsterinsights_sitenote_category":0,"footnotes":""},"class_list":["post-261","page","type-page","status-publish","hentry"],"aioseo_notices":[],"_links":{"self":[{"href":"https:\/\/proacustic.com.br\/index.php?rest_route=\/wp\/v2\/pages\/261","targetHints":{"allow":["GET"]}}],"collection":[{"href":"https:\/\/proacustic.com.br\/index.php?rest_route=\/wp\/v2\/pages"}],"about":[{"href":"https:\/\/proacustic.com.br\/index.php?rest_route=\/wp\/v2\/types\/page"}],"author":[{"embeddable":true,"href":"https:\/\/proacustic.com.br\/index.php?rest_route=\/wp\/v2\/users\/1"}],"replies":[{"embeddable":true,"href":"https:\/\/proacustic.com.br\/index.php?rest_route=%2Fwp%2Fv2%2Fcomments&post=261"}],"version-history":[{"count":33,"href":"https:\/\/proacustic.com.br\/index.php?rest_route=\/wp\/v2\/pages\/261\/revisions"}],"predecessor-version":[{"id":660,"href":"https:\/\/proacustic.com.br\/index.php?rest_route=\/wp\/v2\/pages\/261\/revisions\/660"}],"wp:attachment":[{"href":"https:\/\/proacustic.com.br\/index.php?rest_route=%2Fwp%2Fv2%2Fmedia&parent=261"}],"curies":[{"name":"wp","href":"https:\/\/api.w.org\/{rel}","templated":true}]}}