{"id":263,"date":"2021-04-18T17:02:34","date_gmt":"2021-04-18T20:02:34","guid":{"rendered":"http:\/\/proacustic.com.br\/?page_id=263"},"modified":"2023-05-23T23:50:09","modified_gmt":"2023-05-24T02:50:09","slug":"janelas-acusticas","status":"publish","type":"page","link":"https:\/\/proacustic.com.br\/?page_id=263","title":{"rendered":"Janelas Ac\u00fasticas"},"content":{"rendered":"\n<p style=\"font-size:22px\">As <strong>Janelas Ac\u00fasticas<\/strong> Proacustic s\u00e3o divididas em tr\u00eas fam\u00edlias;<\/p>\n\n\n\n<ul class=\"wp-block-list\">\n<li>Janelas Fixas (lacradas) sobre uma janela existente<\/li>\n\n\n\n<li>Janelas de abrir sobre uma janela existente (de correr ou basculante)<\/li>\n\n\n\n<li>Janelas &#8220;aqu\u00e1rio&#8221; entre 2 ambientes<\/li>\n<\/ul>\n\n\n\n<div style=\"height:25px\" aria-hidden=\"true\" class=\"wp-block-spacer\"><\/div>\n\n\n\n<div class=\"wp-block-columns is-layout-flex wp-container-core-columns-is-layout-9d6595d7 wp-block-columns-is-layout-flex\">\n<div class=\"wp-block-column is-layout-flow wp-block-column-is-layout-flow\"><div class=\"wp-block-image\">\n<figure class=\"alignright size-large\"><img loading=\"lazy\" decoding=\"async\" width=\"811\" height=\"719\" src=\"http:\/\/proacustic.com.br\/wp-content\/uploads\/2021\/04\/Janela-Estudio-1.jpg\" alt=\"\" class=\"wp-image-526\" srcset=\"https:\/\/proacustic.com.br\/wp-content\/uploads\/2021\/04\/Janela-Estudio-1.jpg 811w, https:\/\/proacustic.com.br\/wp-content\/uploads\/2021\/04\/Janela-Estudio-1-300x266.jpg 300w, https:\/\/proacustic.com.br\/wp-content\/uploads\/2021\/04\/Janela-Estudio-1-768x681.jpg 768w, https:\/\/proacustic.com.br\/wp-content\/uploads\/2021\/04\/Janela-Estudio-1-338x300.jpg 338w\" sizes=\"auto, (max-width: 811px) 100vw, 811px\" \/><figcaption class=\"wp-element-caption\">Janela sobre outra janela de blocos de vidro.<\/figcaption><\/figure>\n<\/div><\/div>\n\n\n\n<div class=\"wp-block-column is-layout-flow wp-block-column-is-layout-flow\"><div class=\"wp-block-image\">\n<figure class=\"aligncenter size-medium is-resized\"><img loading=\"lazy\" decoding=\"async\" src=\"http:\/\/proacustic.com.br\/wp-content\/uploads\/2021\/04\/Captura-de-Tela-2021-04-23-a\u0300s-01.23.17-279x300.png\" alt=\"\" class=\"wp-image-527\" width=\"330\" height=\"470\"\/><figcaption class=\"wp-element-caption\">Janela de correr de sobrepor.<\/figcaption><\/figure>\n<\/div><\/div>\n\n\n\n<div class=\"wp-block-column is-layout-flow wp-block-column-is-layout-flow\"><div class=\"wp-block-image\">\n<figure class=\"alignleft size-large\"><img loading=\"lazy\" decoding=\"async\" width=\"1024\" height=\"880\" src=\"http:\/\/proacustic.com.br\/wp-content\/uploads\/2021\/04\/IMG_4992-1024x880.jpg\" alt=\"\" class=\"wp-image-528\" srcset=\"https:\/\/proacustic.com.br\/wp-content\/uploads\/2021\/04\/IMG_4992-1024x880.jpg 1024w, https:\/\/proacustic.com.br\/wp-content\/uploads\/2021\/04\/IMG_4992-300x258.jpg 300w, https:\/\/proacustic.com.br\/wp-content\/uploads\/2021\/04\/IMG_4992-768x660.jpg 768w, https:\/\/proacustic.com.br\/wp-content\/uploads\/2021\/04\/IMG_4992-1536x1321.jpg 1536w, https:\/\/proacustic.com.br\/wp-content\/uploads\/2021\/04\/IMG_4992-2048x1761.jpg 2048w, https:\/\/proacustic.com.br\/wp-content\/uploads\/2021\/04\/IMG_4992-349x300.jpg 349w\" sizes=\"auto, (max-width: 1024px) 100vw, 1024px\" \/><figcaption class=\"wp-element-caption\">Janela aqu\u00e1rio entre a grava\u00e7\u00e3o e a t\u00e9cnica.<\/figcaption><\/figure>\n<\/div><\/div>\n<\/div>\n\n\n\n<div style=\"height:19px\" aria-hidden=\"true\" class=\"wp-block-spacer\"><\/div>\n\n\n\n<p style=\"font-size:24px\">A diferen\u00e7a entre os 3 tipos<\/p>\n\n\n\n<ul class=\"wp-block-list\">\n<li>a <strong>Janela Fixa<\/strong> (ou vidro fixo) \u00e9 a mais barata de todas, d\u00e1 um bom isolamento ac\u00fastico, deixa entrar luz no ambiente, por\u00e9m n\u00e3o podendo ser aberta, <br>n\u00e3o oferece troca de ar no ambiente.<\/li>\n\n\n\n<li>a <strong>Janela Ac\u00fastica de sobrepor<\/strong> (de abrir) \u00e9 mais cara, mas possibilita a troca de ar. Por serem vidros m\u00f3veis n\u00e3o chegam ao mesmo grau de isolamento do vidro fixo, mas d\u00e3o um resultado excelente. <\/li>\n\n\n\n<li>a <strong>Janela &#8220;aqu\u00e1rio&#8221;<\/strong> \u00e9 uma janela de vidros fixos, com um distanciamento, um espa\u00e7o de ar entre 2 ou 3 pe\u00e7as de vidro que aumenta muito o isolamento ac\u00fastico. \u00c9 utilizada em est\u00fadios profissionais, onde se precisa de grandes n\u00edveis de isolamento. Seu valor pode ser at\u00e9 mais barato que as de abrir, dependendo do tamanho e tipo de constru\u00e7\u00e3o. <\/li>\n<\/ul>\n\n\n\n<div style=\"height:50px\" aria-hidden=\"true\" class=\"wp-block-spacer\"><\/div>\n\n\n\n<div class=\"wp-block-columns is-layout-flex wp-container-core-columns-is-layout-9d6595d7 wp-block-columns-is-layout-flex\">\n<div class=\"wp-block-column is-layout-flow wp-block-column-is-layout-flow\"><div class=\"wp-block-image\">\n<figure class=\"aligncenter size-large is-resized\"><img loading=\"lazy\" decoding=\"async\" src=\"http:\/\/proacustic.com.br\/wp-content\/uploads\/2021\/04\/S6300918-1024x739.jpg\" alt=\"\" class=\"wp-image-543\" width=\"680\" height=\"921\"\/><\/figure>\n<\/div><\/div>\n\n\n\n<div class=\"wp-block-column is-layout-flow wp-block-column-is-layout-flow\"><div class=\"wp-block-image\">\n<figure class=\"aligncenter size-large is-resized\"><img loading=\"lazy\" decoding=\"async\" src=\"http:\/\/proacustic.com.br\/wp-content\/uploads\/2021\/04\/IMG_0261-1024x787.jpg\" alt=\"\" class=\"wp-image-544\" width=\"652\" height=\"684\"\/><\/figure>\n<\/div>\n\n\n<p><\/p>\n<\/div>\n<\/div>\n\n\n\n<div style=\"height:32px\" aria-hidden=\"true\" class=\"wp-block-spacer\"><\/div>\n\n\n\n<div class=\"wp-block-columns is-layout-flex wp-container-core-columns-is-layout-9d6595d7 wp-block-columns-is-layout-flex\">\n<div class=\"wp-block-column is-layout-flow wp-block-column-is-layout-flow\"><div class=\"wp-block-image\">\n<figure class=\"aligncenter size-full\"><img loading=\"lazy\" decoding=\"async\" width=\"646\" height=\"497\" src=\"http:\/\/proacustic.com.br\/wp-content\/uploads\/2021\/04\/Captura-de-Tela-2021-04-23-a\u0300s-01.25.28.png\" alt=\"\" class=\"wp-image-545\" srcset=\"https:\/\/proacustic.com.br\/wp-content\/uploads\/2021\/04\/Captura-de-Tela-2021-04-23-a\u0300s-01.25.28.png 646w, https:\/\/proacustic.com.br\/wp-content\/uploads\/2021\/04\/Captura-de-Tela-2021-04-23-a\u0300s-01.25.28-300x231.png 300w, https:\/\/proacustic.com.br\/wp-content\/uploads\/2021\/04\/Captura-de-Tela-2021-04-23-a\u0300s-01.25.28-390x300.png 390w\" sizes=\"auto, (max-width: 646px) 100vw, 646px\" \/><\/figure>\n<\/div><\/div>\n\n\n\n<div class=\"wp-block-column is-layout-flow wp-block-column-is-layout-flow\"><div class=\"wp-block-image\">\n<figure class=\"aligncenter size-full is-resized\"><img loading=\"lazy\" decoding=\"async\" src=\"http:\/\/proacustic.com.br\/wp-content\/uploads\/2021\/04\/Captura-de-Tela-2021-04-23-a\u0300s-01.26.28.png\" alt=\"\" class=\"wp-image-546\" width=\"452\" height=\"490\" srcset=\"https:\/\/proacustic.com.br\/wp-content\/uploads\/2021\/04\/Captura-de-Tela-2021-04-23-a\u0300s-01.26.28.png 470w, https:\/\/proacustic.com.br\/wp-content\/uploads\/2021\/04\/Captura-de-Tela-2021-04-23-a\u0300s-01.26.28-276x300.png 276w\" sizes=\"auto, (max-width: 452px) 100vw, 452px\" \/><\/figure>\n<\/div>\n\n\n<p><\/p>\n<\/div>\n<\/div>\n\n\n\n<div style=\"height:43px\" aria-hidden=\"true\" class=\"wp-block-spacer\"><\/div>\n\n\n<div class=\"wp-block-image\">\n<figure class=\"aligncenter size-large\"><img loading=\"lazy\" decoding=\"async\" width=\"447\" height=\"596\" src=\"http:\/\/proacustic.com.br\/wp-content\/uploads\/2021\/04\/SBR-janela-interna-com-blocos.jpg\" alt=\"\" class=\"wp-image-547\" srcset=\"https:\/\/proacustic.com.br\/wp-content\/uploads\/2021\/04\/SBR-janela-interna-com-blocos.jpg 447w, https:\/\/proacustic.com.br\/wp-content\/uploads\/2021\/04\/SBR-janela-interna-com-blocos-225x300.jpg 225w\" sizes=\"auto, (max-width: 447px) 100vw, 447px\" \/><\/figure>\n<\/div>\n\n\n<div style=\"height:27px\" aria-hidden=\"true\" class=\"wp-block-spacer\"><\/div>\n\n\n\n<p style=\"font-size:22px\">D\u00favidas ou encomendas : <a href=\"mailto:produtos@proacustic.com.br\">produtos@proacustic.com.br<\/a><\/p>\n\n\n\n<div style=\"height:38px\" aria-hidden=\"true\" class=\"wp-block-spacer\"><\/div>\n\n\n<div class=\"wp-block-image\">\n<figure class=\"aligncenter size-large is-resized\"><img loading=\"lazy\" decoding=\"async\" src=\"http:\/\/proacustic.com.br\/wp-content\/uploads\/2021\/04\/Icone-02-3.jpg\" alt=\"\" class=\"wp-image-225\" width=\"90\" height=\"66\"\/><\/figure>\n<\/div>","protected":false},"excerpt":{"rendered":"<p>As Janelas Ac\u00fasticas Proacustic s\u00e3o divididas em tr\u00eas fam\u00edlias; A diferen\u00e7a entre os 3 tipos D\u00favidas ou encomendas : produtos@proacustic.com.br<\/p>\n","protected":false},"author":1,"featured_media":0,"parent":0,"menu_order":0,"comment_status":"closed","ping_status":"closed","template":"","meta":{"om_disable_all_campaigns":false,"_monsterinsights_skip_tracking":false,"_monsterinsights_sitenote_active":false,"_monsterinsights_sitenote_note":"","_monsterinsights_sitenote_category":0,"footnotes":""},"class_list":["post-263","page","type-page","status-publish","hentry"],"aioseo_notices":[],"_links":{"self":[{"href":"https:\/\/proacustic.com.br\/index.php?rest_route=\/wp\/v2\/pages\/263","targetHints":{"allow":["GET"]}}],"collection":[{"href":"https:\/\/proacustic.com.br\/index.php?rest_route=\/wp\/v2\/pages"}],"about":[{"href":"https:\/\/proacustic.com.br\/index.php?rest_route=\/wp\/v2\/types\/page"}],"author":[{"embeddable":true,"href":"https:\/\/proacustic.com.br\/index.php?rest_route=\/wp\/v2\/users\/1"}],"replies":[{"embeddable":true,"href":"https:\/\/proacustic.com.br\/index.php?rest_route=%2Fwp%2Fv2%2Fcomments&post=263"}],"version-history":[{"count":25,"href":"https:\/\/proacustic.com.br\/index.php?rest_route=\/wp\/v2\/pages\/263\/revisions"}],"predecessor-version":[{"id":662,"href":"https:\/\/proacustic.com.br\/index.php?rest_route=\/wp\/v2\/pages\/263\/revisions\/662"}],"wp:attachment":[{"href":"https:\/\/proacustic.com.br\/index.php?rest_route=%2Fwp%2Fv2%2Fmedia&parent=263"}],"curies":[{"name":"wp","href":"https:\/\/api.w.org\/{rel}","templated":true}]}}

Janelas Acústicas

<p style="font-size:22px">As <strong>Janelas Acústicas</strong> Proacustic são divididas em três famílias;</p>



<ul class="wp-block-list">
<li>Janelas Fixas (lacradas) sobre uma janela existente</li>



<li>Janelas de abrir sobre uma janela existente (de correr ou basculante)</li>



<li>Janelas &#8220;aquário&#8221; entre 2 ambientes</li>
</ul>



<div style="height:25px" aria-hidden="true" class="wp-block-spacer"></div>



<div class="wp-block-columns is-layout-flex wp-container-core-columns-is-layout-9d6595d7 wp-block-columns-is-layout-flex">
<div class="wp-block-column is-layout-flow wp-block-column-is-layout-flow"><div class="wp-block-image">
<figure class="alignright size-large"><img loading="lazy" decoding="async" width="811" height="719" src="http://proacustic.com.br/wp-content/uploads/2021/04/Janela-Estudio-1.jpg" alt="" class="wp-image-526" srcset="https://proacustic.com.br/wp-content/uploads/2021/04/Janela-Estudio-1.jpg 811w, https://proacustic.com.br/wp-content/uploads/2021/04/Janela-Estudio-1-300x266.jpg 300w, https://proacustic.com.br/wp-content/uploads/2021/04/Janela-Estudio-1-768x681.jpg 768w, https://proacustic.com.br/wp-content/uploads/2021/04/Janela-Estudio-1-338x300.jpg 338w" sizes="auto, (max-width: 811px) 100vw, 811px" /><figcaption class="wp-element-caption">Janela sobre outra janela de blocos de vidro.</figcaption></figure>
</div></div>



<div class="wp-block-column is-layout-flow wp-block-column-is-layout-flow"><div class="wp-block-image">
<figure class="aligncenter size-medium is-resized"><img loading="lazy" decoding="async" src="http://proacustic.com.br/wp-content/uploads/2021/04/Captura-de-Tela-2021-04-23-às-01.23.17-279x300.png" alt="" class="wp-image-527" width="330" height="470"/><figcaption class="wp-element-caption">Janela de correr de sobrepor.</figcaption></figure>
</div></div>



<div class="wp-block-column is-layout-flow wp-block-column-is-layout-flow"><div class="wp-block-image">
<figure class="alignleft size-large"><img loading="lazy" decoding="async" width="1024" height="880" src="http://proacustic.com.br/wp-content/uploads/2021/04/IMG_4992-1024x880.jpg" alt="" class="wp-image-528" srcset="https://proacustic.com.br/wp-content/uploads/2021/04/IMG_4992-1024x880.jpg 1024w, https://proacustic.com.br/wp-content/uploads/2021/04/IMG_4992-300x258.jpg 300w, https://proacustic.com.br/wp-content/uploads/2021/04/IMG_4992-768x660.jpg 768w, https://proacustic.com.br/wp-content/uploads/2021/04/IMG_4992-1536x1321.jpg 1536w, https://proacustic.com.br/wp-content/uploads/2021/04/IMG_4992-2048x1761.jpg 2048w, https://proacustic.com.br/wp-content/uploads/2021/04/IMG_4992-349x300.jpg 349w" sizes="auto, (max-width: 1024px) 100vw, 1024px" /><figcaption class="wp-element-caption">Janela aquário entre a gravação e a técnica.</figcaption></figure>
</div></div>
</div>



<div style="height:19px" aria-hidden="true" class="wp-block-spacer"></div>



<p style="font-size:24px">A diferença entre os 3 tipos</p>



<ul class="wp-block-list">
<li>a <strong>Janela Fixa</strong> (ou vidro fixo) é a mais barata de todas, dá um bom isolamento acústico, deixa entrar luz no ambiente, porém não podendo ser aberta, <br>não oferece troca de ar no ambiente.</li>



<li>a <strong>Janela Acústica de sobrepor</strong> (de abrir) é mais cara, mas possibilita a troca de ar. Por serem vidros móveis não chegam ao mesmo grau de isolamento do vidro fixo, mas dão um resultado excelente. </li>



<li>a <strong>Janela &#8220;aquário&#8221;</strong> é uma janela de vidros fixos, com um distanciamento, um espaço de ar entre 2 ou 3 peças de vidro que aumenta muito o isolamento acústico. É utilizada em estúdios profissionais, onde se precisa de grandes níveis de isolamento. Seu valor pode ser até mais barato que as de abrir, dependendo do tamanho e tipo de construção. </li>
</ul>



<div style="height:50px" aria-hidden="true" class="wp-block-spacer"></div>



<div class="wp-block-columns is-layout-flex wp-container-core-columns-is-layout-9d6595d7 wp-block-columns-is-layout-flex">
<div class="wp-block-column is-layout-flow wp-block-column-is-layout-flow"><div class="wp-block-image">
<figure class="aligncenter size-large is-resized"><img loading="lazy" decoding="async" src="http://proacustic.com.br/wp-content/uploads/2021/04/S6300918-1024x739.jpg" alt="" class="wp-image-543" width="680" height="921"/></figure>
</div></div>



<div class="wp-block-column is-layout-flow wp-block-column-is-layout-flow"><div class="wp-block-image">
<figure class="aligncenter size-large is-resized"><img loading="lazy" decoding="async" src="http://proacustic.com.br/wp-content/uploads/2021/04/IMG_0261-1024x787.jpg" alt="" class="wp-image-544" width="652" height="684"/></figure>
</div>


<p></p>
</div>
</div>



<div style="height:32px" aria-hidden="true" class="wp-block-spacer"></div>



<div class="wp-block-columns is-layout-flex wp-container-core-columns-is-layout-9d6595d7 wp-block-columns-is-layout-flex">
<div class="wp-block-column is-layout-flow wp-block-column-is-layout-flow"><div class="wp-block-image">
<figure class="aligncenter size-full"><img loading="lazy" decoding="async" width="646" height="497" src="http://proacustic.com.br/wp-content/uploads/2021/04/Captura-de-Tela-2021-04-23-às-01.25.28.png" alt="" class="wp-image-545" srcset="https://proacustic.com.br/wp-content/uploads/2021/04/Captura-de-Tela-2021-04-23-às-01.25.28.png 646w, https://proacustic.com.br/wp-content/uploads/2021/04/Captura-de-Tela-2021-04-23-às-01.25.28-300x231.png 300w, https://proacustic.com.br/wp-content/uploads/2021/04/Captura-de-Tela-2021-04-23-às-01.25.28-390x300.png 390w" sizes="auto, (max-width: 646px) 100vw, 646px" /></figure>
</div></div>



<div class="wp-block-column is-layout-flow wp-block-column-is-layout-flow"><div class="wp-block-image">
<figure class="aligncenter size-full is-resized"><img loading="lazy" decoding="async" src="http://proacustic.com.br/wp-content/uploads/2021/04/Captura-de-Tela-2021-04-23-às-01.26.28.png" alt="" class="wp-image-546" width="452" height="490" srcset="https://proacustic.com.br/wp-content/uploads/2021/04/Captura-de-Tela-2021-04-23-às-01.26.28.png 470w, https://proacustic.com.br/wp-content/uploads/2021/04/Captura-de-Tela-2021-04-23-às-01.26.28-276x300.png 276w" sizes="auto, (max-width: 452px) 100vw, 452px" /></figure>
</div>


<p></p>
</div>
</div>



<div style="height:43px" aria-hidden="true" class="wp-block-spacer"></div>


<div class="wp-block-image">
<figure class="aligncenter size-large"><img loading="lazy" decoding="async" width="447" height="596" src="http://proacustic.com.br/wp-content/uploads/2021/04/SBR-janela-interna-com-blocos.jpg" alt="" class="wp-image-547" srcset="https://proacustic.com.br/wp-content/uploads/2021/04/SBR-janela-interna-com-blocos.jpg 447w, https://proacustic.com.br/wp-content/uploads/2021/04/SBR-janela-interna-com-blocos-225x300.jpg 225w" sizes="auto, (max-width: 447px) 100vw, 447px" /></figure>
</div>


<div style="height:27px" aria-hidden="true" class="wp-block-spacer"></div>



<p style="font-size:22px">Dúvidas ou encomendas : <a href="mailto:produtos@proacustic.com.br">produtos@proacustic.com.br</a></p>



<div style="height:38px" aria-hidden="true" class="wp-block-spacer"></div>


<div class="wp-block-image">
<figure class="aligncenter size-large is-resized"><img loading="lazy" decoding="async" src="http://proacustic.com.br/wp-content/uploads/2021/04/Icone-02-3.jpg" alt="" class="wp-image-225" width="90" height="66"/></figure>
</div>

<p>As Janelas Acústicas Proacustic são divididas em três famílias; A diferença entre os 3 tipos Dúvidas ou encomendas : produtos@proacustic.com.br</p>
